32300)/x - 2/13.
2, 73
Let h(q) = q**2 + 14*q + 33. Let i be 4/(-26) - 123/(-39). Suppose 0 = -i*p - 0*p + 5*r - 33, -5*r - 63 = 3*p. What are the prime factors of h(p)?
5, 13
Let f = 391 + 11965. List the prime factors of f.
2, 3089
Suppose -2*p + 1 = -5*m, -p + 1 = -3*m - 0. What are the prime factors of m/(((-20)/1844)/5) + -5?
2, 3, 19
Suppose 3*j + 7*t = 5*t + 17, 0 = 2*j - t - 9. Suppose 4*l - 2*c = 366, 3*l - 277 = 4*c - j*c. List the prime factors of l.
2, 23
Suppose -777 = -3*l - 4*l. Let m be 3/(-3) + (-1 - -26). Suppose l = z + m. List the prime factors of z.
3, 29
Let t be (-240)/6*(-412)/8. Let l = t + -271. What are the prime factors of l?
1789
Let c(z) = z**2 + 13*z - 14. Let j be -2 - 12*((-15)/(-6) - 2). Let l be c(j). Let m = l - -123. What are the prime factors of m?
3, 23
List the prime factors of (-24708)/261*4*-6.
2, 71
Let z be (283 - 1) + 84/(-14) + 5. Suppose 0 = 280*p - z*p + 522. What are the prime factors of p?
2, 3, 29
Let d(s) = 3*s**3 - 62*s**2 + 17*s - 43. List the prime factors of d(25).
47, 181
Let h(i) = 30*i**2 - 54*i - 10. List the prime factors of h(-18).
2, 7, 109
Let x(o) = 12917*o - 12. Let a be x(1). Suppose 22*q - 13253 = a. List the prime factors of q.
29, 41
Let z be 220/(-275) - 1894*(-2)/10. List the prime factors of (-1 - -3) + (z*1 - -7).
3, 43
Let m(i) = -117*i**3 + 2*i + 1. Suppose 5*f - f = -3*d + 53, -3*f = -4*d - 71. Let k = f - 18. What are the prime factors of m(k)?
2, 29
Let y = 79 + -70. Let p = -6 + y. List the prime factors of p.
3
Suppose 8*y = 18*y - 50. Suppose -2*v - 4*a + 2640 = 3*v, -3*a - 2605 = -y*v. What are the prime factors of v?
2, 131
Let c = -161 - -166. Let z(o) = 9*o**3 + 3*o - 19. List the prime factors of z(c).
19, 59
Let t(s) = s**3 - 5*s**2 + 2*s + 8. Let r be t(5). Let u = -14 + r. Suppose -u*k - 57 = -5*j + 67, 5*k + 120 = 5*j. What are the prime factors of j?
2, 7
Suppose -x + 3*b - 1 = 2*b, 5*b = 4*x + 9. Suppose 1909 = 3*d + g, 19*d + x*g + 3210 = 24*d. List the prime factors of d.
2, 11, 29
Let t(n) = 226*n - 406. What are the prime factors of t(8)?
2, 701
Let n = -704 - -706. List the prime factors of 4*(363 + -32)/(n/1).
2, 331
Suppose -5*q - 4*a = 719, -3*q = 6*a - 2*a + 425. Let v = -55 - q. List the prime factors of v.
2, 23
Suppose -m - 3*m = 36. Let k be -2 - 150/m - (-6)/(-9). What are the prime factors of (-2)/7 + 732/k?
2, 13
Suppose -3*u = -5*w + 36600, -w - 3*u + 5354 = -1948. List the prime factors of w.
3, 271
Let f be (80/(-56))/((-9)/63). Suppose -f*b - 5016 = -21*b. List the prime factors of b.
2, 3, 19
Suppose 0 = 4*y - 13 - 15, -u + 8681 = 4*y. List the prime factors of u.
17, 509
Let p = -9190 - -14214. What are the prime factors of p?
2, 157
Let j(i) = -78*i**3 + 4*i**2 + 70*i + 279. List the prime factors of j(-4).
3, 5, 337
Suppose 4 = -4*f - 8, 3*c + 4*f - 483 = 0. Suppose 4*r - 3*a - 1235 = 0, 2*a - c = 2*r - 783. List the prime factors of r.
2, 7, 11
Suppose 8 = -l - 4. Let s be (1 - l)/(-4 + 5). Let v(a) = 14*a - 28. What are the prime factors of v(s)?
2, 7, 11
Let r = 69917 + -41639. What are the prime factors of r?
2, 3, 1571
Suppose 8 = -4*y + 6*y. Suppose -y*d - 542 = 2*j, 4*d + 0*j + 546 = 2*j. Let r = d + 217. List the prime factors of r.
3
Suppose 4*q = -2*g - 38 - 32, -3*g + 2*q = 121. Suppose 4*l + n + 291 = 0, l + 68 = -3*n - 2*n. Let p = g - l. What are the prime factors of p?
2, 17
Let g(c) = 157*c**2 - 49*c + 279. List the prime factors of g(13).
3, 5, 349
What are the prime factors of 1/((-3)/(-53904)) - (11 + (-14)/2)?
2, 3, 499
Suppose -180200 = -8*i + 73450 - 23898. What are the prime factors of i?
3, 3191
Suppose -10*g - 2385 = -13*g - 2*v, -v = 3. What are the prime factors of g?
797
Let g(n) = 29*n**2 - n + 8. Suppose -5*o + t = -0*o + 18, -3*o + 4*t = 4. Let w be g(o). Suppose -14*p = -7*p - w. What are the prime factors of p?
2, 17
Suppose -29298*s + 29326*s - 280112 = 0. List the prime factors of s.
2, 41, 61
Let x(w) be the second derivative of w**5/20 - 13*w**4/12 - 7*w**3/6 - 11*w**2 + 56*w. Let t = 40 - 26. What are the prime factors of x(t)?
2, 19
Let b(v) = 16*v + 32*v**2 - v**3 + 9 + 5*v - 11*v**2 - 10*v. List the prime factors of b(16).
5, 293
Let a be 0/((-9)/((-45)/(-20))). Suppose 3*n - 5*n = -a*n. Suppose -126 = -b - 2*s, 3*b - 351 = -n*b + 3*s. What are the prime factors of b?
2, 3, 5
Suppose 0 = -1009*c + 981*c + 71792. List the prime factors of c.
2, 641
Let n be (-1 + (-2)/(-2))/(-4 - -5). Suppose n = -250*b + 255*b - 395. What are the prime factors of b?
79
Suppose -134*k - 163800 = -154*k. Suppose 10*j - 870 = k. List the prime factors of j.
2, 3, 151
Let c = 4501 - -1036. Suppose -50*x = c - 48087. List the prime factors of x.
23, 37
Let o be ((2 - 6) + 2)*1 - -6. Suppose -2*v + o*b = -0*v - 46, -5*b = 3*v - 36. Suppose 2*y + x - v = -0, y + 2*x = 4. What are the prime factors of y?
2, 5
Suppose -43 = 32*y - 31*y. Let t = 988 + y. List the prime factors of t.
3, 5, 7
Suppose 2718 + 5368 = 2*a. What are the prime factors of a?
13, 311
Suppose 0 = -3*y, 2*c = 3*y + 9 - 3. Suppose -15 = c*r, j - 232 = 4*r - 0*r. Let u = -71 + j. List the prime factors of u.
3, 47
Let k(x) = 5*x**2 + 4*x - 1. Let r be k(-7). Suppose 23*s = 21*s + r. List the prime factors of s.
2, 3
Suppose 6*g - g = -15. Let s be (g*(-4)/18)/((-18)/675). Let a = 49 - s. What are the prime factors of a?
2, 37
Let x(h) = -h**3 - 5*h**2 - 3*h + 7. Suppose 4*p - 3*q + 22 = 0, -4*q = -4*p - 1 - 23. Let k be x(p). Suppose 25 = -k*a + 4*a. What are the prime factors of a?
5
Let q(k) = 23*k**2 - 10*k + 8. Suppose -g - 2*z = -3*z + 9, 5*g + 13 = -3*z. List the prime factors of q(g).
3, 211
Let n = 49 - 39. Suppose -2*q + 20 + 123 = 3*s, 2*q = -n. Suppose -s - 78 = -v. List the prime factors of v.
3, 43
Suppose -n - 4*f + 329 = -109, 0 = -3*n - 4*f + 1314. Let q = n - 73. List the prime factors of q.
5, 73
Let a(u) = 13*u**2 + 202*u - 90. What are the prime factors of a(-39)?
3, 5, 787
Suppose 0 = 2*c - 3 + 5. Let x(w) = -5*w - 5. Let b be x(c). Suppose -105*t + 109*t - 596 = b. What are the prime factors of t?
149
Let l = 32893 + -13083. List the prime factors of l.
2, 5, 7, 283
Suppose 3*o - 3063 - 15740 = -x, 2*o - 18802 = -x. List the prime factors of x.
2, 5, 47
Let b(u) = 191*u + 15. Let t(l) = 2*l**3 + 21*l**2 + 7*l - 27. Let d be t(-10). List the prime factors of b(d).
2, 3, 7
Let r be 2*(2/(-4) - (-609)/58). Suppose -4*q - 17 = -193. Let u = q + r. What are the prime factors of u?
2
Let w(j) be the third derivative of -j**6/120 + 2*j**5/15 + 2*j**4/3 + 5*j**3/6 + 50*j**2. List the prime factors of w(8).
7, 19
Suppose -5*u = -7*u + 1808. Suppose u = -4*y + 3*j + 2*j, 0 = -3*y + 5*j - 683. List the prime factors of 1*((-5 - y) + -5).
211
What are the prime factors of 1/(-2) - (-1346)/4*1?
2, 3, 7
Suppose k = -0*k - 0*k. Suppose k = 7*i - 2*i - 370. Suppose 2*m - 30 - i = 0. What are the prime factors of m?
2, 13
Let f be (-41 - -46) + 5*-1. Suppose v - 2*p = 183 + 62, f = -4*v + 5*p + 992. List the prime factors of v.
11, 23
Let m(y) = 839*y**2 - 199*y - 177. What are the prime factors of m(8)?
3, 19, 911
Let o(v) = 36*v - 2. Let b be o(3). Suppose 2*k - 7*k - 280 = 0. Let w = k + b. What are the prime factors of w?
2, 5
Suppose -262*z + 3875 = -258*z - 5*x, -2*x = -4*z + 3890. List the prime factors of z.
3, 5, 13
Let z = 71 + 54. Suppose 3*i + 14 = z. What are the prime factors of i?
37
Let f(v) = 2213*v + 230. List the prime factors of f(7).
79, 199
Suppose 6692*l + 103740 = 6704*l. What are the prime factors of l?
5, 7, 13, 19
Let f = 9294 - 5362. List the prime factors of f.
2, 983
Let v be (-20)/5 - 396/(-44). Let r(z) = z**2 - 5*z + 3. Let d be r(5). Suppose -4*m + 0*m - l = -452, d*l = v*m - 582. List the prime factors of m.
2, 3, 19
What are the prime factors of (-35576334)/(-810) + (-6)/(-10)?
2, 21961
Let d(l) = -27*l**3 + 25*l**2 + 84*l - 9. Let c be d(-3). Let x = 13 + -8. Suppose -x*t + c = -n, t + 2*n - 143 = -0*t. What are the prime factors of t?
139
What are the prime factors of (-19)/361 + 1000188/171?
5849
Let f = -57 - -71. Let p be (-6)/f - 1/(42/(-354)). Let d = 15 + p. List the prime factors of d.
23
Let t(n) = -3*n**2 + 28*n - 2. Let d be t(6). Suppose d = j - 10. What are the prime factors of j?
2, 17